 107 is divided by p(t).
35
Suppose 18 = 8*o - 30. Suppose 3*t - m = 171, 0 = -5*t + m + 33 + 250. Calculate the remainder when t is divided by o*(-2)/6 + 22.
16
Calculate the remainder when 930 + (-13 - -20 - 10) is divided by 16.
15
Let f = -2 + 4. Let z(o) = o**2 + 28*o + 170. Let x be z(-19). Let p(q) = -8*q - 6. What is the remainder when p(x) is divided by f?
0
Calculate the remainder when 768 is divided by 1*21 + 1048/(-524).
8
Suppose -2*u + 27 = -37. What is the remainder when 358 is divided by (60/(-16))/((-6)/u)?
18
Let n = 176 + -253. Let i be (-1)/((-1)/2) + n. Let u = i + 112. Calculate the remainder when u is divided by 19.
18
Suppose -54*g - 92*g = -177*g + 651. Let o be (-2)/4*(-240)/2. Let b = 142 - o. What is the remainder when b is divided by g?
19
Suppose -3*n = 15, 0*p + 3*n + 17 = -p. Let b(j) be the first derivative of 4*j**3/3 - 5*j**2/2 - 2*j + 5. What is the remainder when 91 is divided by b(p)?
19
Suppose 6*s - 11166 + 10812 = 0. Calculate the remainder when 70 is divided by s.
11
Let b = -492 - -2654. Calculate the remainder when 5/100*-2 + b/20 is divided by 29.
21
Let v(l) = -2*l + 32. Suppose 5*o - 91 = -16. Let k be v(o). What is the remainder when 53 is divided by (1/k)/(3 - 5)*-76?
15
Suppose -39*l + 33*l + 1341 = 249. Calculate the remainder when 726 is divided by l.
180
Let v = -4666 - -4676. What is the remainder when 109 is divided by v?
9
Suppose -3 - 27 = -3*x. Let z(y) = 59*y**2 - 8*y + 51. What is the remainder when z(0) is divided by x?
1
Suppose 143 = 2*n - u - 145, -702 = -5*n - 2*u. Suppose 5*j - 73 = 3*p - 7*p, 2*p = 5*j - 91. Suppose 19 = w - j. What is the remainder when n is divided by w?
34
Let k(i) = 2*i**2 + i - 4. Suppose 2*h - 6*h = -28. Calculate the remainder when k(h) is divided by (-3)/(84/(-8)) + (-720)/(-28).
23
Let t = -5 - -8. Let l be 94/(-4) - 94/(-188). What is the remainder when (-161)/l*(-5)/(-7) - -6 is divided by t?
2
Suppose 0 = -2*h + 4*h. Suppose h = -5*z + 21 + 14. Let l = -29 + 42. What is the remainder when l is divided by z?
6
Let s(l) = 186*l**2 - 81*l - 3. What is the remainder when s(-2) is divided by 135?
93
Let u(w) = w**3 - 19*w**2 + 32*w - 115. What is the remainder when u(19) is divided by 26?
25
Let k = -370 + 838. Suppose 3*a - 7*z + 2*z + 1006 = 0, 4*a = z - 1330. Let n = a + k. What is the remainder when n is divided by 46?
44
Let z(w) = w**2 - 4*w - 3. Let i be z(5). Suppose -k = i*p - 148, 0 = -7*k + 5*k + 4*p + 296. What is the remainder when k is divided by 23?
10
Suppose h = 5*k - 44, 2*h - 32 = -4*k + 6*h. Suppose -493 = -k*t - 169. Calculate the remainder when 176 is divided by t.
32
Let i(y) = 2*y**3 + 8*y**2 - 5*y - 2. Let d be i(-7). Let b = d + 410. What is the remainder when b is divided by 25?
24
Let n(p) = 34*p**2 - 5*p - 19. Let k be n(-4). Let g = k + -533. What is the remainder when 41 is divided by g?
5
Suppose -2*s + 20 = -2*n, 2*s + 0*n - 17 = n. Let q(x) = 2*x**3 - 24*x**2 + 19*x - 204. What is the remainder when q(12) is divided by s?
3
Let n = -10015 - -10036. Calculate the remainder when 9027 is divided by n.
18
Let h(a) = -a**2 - 8*a - 10. Let o = 10 - 15. Suppose 0 = -3*p - 3*q + 24 + 69, 3*p - 5*q = 69. What is the remainder when p is divided by h(o)?
3
Let t = 172 + -148. Suppose 4*r + a = 27 + t, 0 = -2*r - 2*a + 30. What is the remainder when 47 is divided by r?
11
Let b(l) = l**2 + 6*l + 7. Suppose 5*v + 25*d = 21*d + 139, -5*d = -v + 22. What is the remainder when v is divided by b(-6)?
6
Suppose 9*i + 3*d - 144 = 4*i, 0 = 5*i - 2*d - 154. Calculate the remainder when 182 is divided by (-3)/i*-5*(-204)/(-3).
12
Suppose -4*b = -3*b + 3, -b - 87 = -3*l. Let k(a) = 7*a**2 - 5*a + 27 + 11*a**2 - 23*a**2 - 5*a + 8*a**2. What is the remainder when k(7) is divided by l?
20
Suppose -7*o + 62 = 69. Calculate the remainder when (-655 - (o + -3))*1/(-3) is divided by 16.
9
Suppose -2*q = 3*s - 18, -22 = -2*q + 3*s + 8. Suppose 3*p - 5 - 100 = -3*r, -76 = -2*r - 5*p. Calculate the remainder when r is divided by q.
9
Suppose 0 = -4*u + 2*u + 20. Let y be 18/(-81) - 38/(-9). Suppose 4*n - 8 = 0, -2*k - 48 = -y*k + 4*n. Calculate the remainder when k is divided by u.
8
Let p(s) = -8*s - 1. Let u be p(-2). Let j(c) = c**2 - 13*c - 18. Let y(d) = -d + 43. Calculate the remainder when y(10) is divided by j(u).
9
Suppose 0 = 4*r - 9*r + 4*x + 81, 5*x = 5. What is the remainder when 303 is divided by r?
14
Let r(h) = 7*h**2 - 376*h + 3892. Calculate the remainder when 3338 is divided by r(10).
10
Let o = 10 - 43. Let v be -77 + 0 - -1 - 99/o. Let b = v - -131. What is the remainder when b is divided by 10?
8
What is the remainder when (-3)/(-5) - (-10 + (-4884)/60) is divided by 41?
10
Suppose 0 = -5*q + 7*q - 140. Suppose 1145 = 3*m - 5*x + 317, 0 = 3*m - 4*x - 828. What is the remainder when m is divided by q?
66
Let l(b) = -5*b - 1. What is the remainder when (60 - 24)*(-259)/(-111) is divided by l(-9)?
40
Calculate the remainder when 487 is divided by (5 + 62)*(-2)/(-8)*4.
18
Let y(u) = -608*u + 3055. Let p(b) = b - 2*b**3 + 2 - 4*b**2 + 3*b**3 - 3*b**2. Calculate the remainder when y(5) is divided by p(7).
6
Suppose -4*n = -n + 390. Let g(l) = -55*l + 304. Let c be g(8). Let s = n - c. Calculate the remainder when 75 is divided by s.
3
Suppose 0 = 2*o - 4, -5*x + 8*o = 5*o - 2449. What is the remainder when 494 is divided by x?
3
Let b(i) be the first derivative of i**2/2 + 7*i + 132. Calculate the remainder when 349 is divided by b(43).
49
Let t = -5869 - -5877. Calculate the remainder when 3623 is divided by t.
7
Let i(f) be the first derivative of f**3/3 + 25*f**2/2 + 10*f - 316. Calculate the remainder when 27 is divided by i(0).
7
Suppose l - 292 + 305 = 2*f, -4*f + 5*l = -17. Calculate the remainder when 823 is divided by f.
7
Suppose 2*j - 2617 = -n + 2845, -j - 2 = 0. What is the remainder when n is divided by 77?
76
Let s(j) = 3*j**2 + 13*j**2 + 8*j**2 + 9 - 11*j**2. Calculate the remainder when s(3) is divided by 32.
30
Let s = 83015 - 83003. Suppose -15 - 8 = -l. What is the remainder when l is divided by s?
11
What is the remainder when 1758 is divided by (-2)/(-4)*(-18)/45*-210?
36
Let x = 11 + -6. Suppose o + 1 = 0, x*h + 6*o = 5*o + 39. What is the remainder when 38 is divided by h?
6
Let v(n) = -n**3 - 32*n**2 + 9*n + 82. Let d be v(-33). Suppose -k = -2*f + d, -2*f - 3*k + 1311 = f. Calculate the remainder when f is divided by 22.
19
Let s(g) = 209*g**3 + 2*g - 1. Suppose -678*d + 540 = -668*d. Calculate the remainder when s(1) is divided by d.
48
Let v(s) = 16*s**2 - 178*s + 64. Calculate the remainder when v(14) is divided by 352.
4
Let b = 300 - 270. Let n(g) = 2*g - 8. Let s be n(6). Calculate the remainder when (-13)/4*-9*s is divided by b.
27
Let j = 33 - 30. Let i = j - -30. Calculate the remainder when 68 + -2*(-9)/(-6) is divided by i.
32
Suppose 0*k + 140 = 5*k. Let j be 1/((-10)/(5 + 35)) - (2 + 6). What is the remainder when (k/j - -3)*123 is divided by 7?
5
Let g(d) = -d**3 + 34*d**2 + 35*d + 1. Let i be g(35). Let f(x) = 89*x**3 - 2*x**2 + 5*x - 2. What is the remainder when f(i) is divided by 49?
41
Let f(g) = -2*g**2 + 36*g - 98. Let q be f(14). Calculate the remainder when 32 is divided by (-2)/q + (-425)/(-35).
8
Let n(j) = 44*j + 364. Let c be 6*(1 - (-4)/(-8)). Suppose -4*v + 19 = -c*v. What is the remainder when n(-7) is divided by v?
18
Suppose 0 = c, -5*c - 14 = -4*d + 14. Suppose -123 = -0*b - 3*b. What is the remainder when b is divided by d?
6
Suppose -j - j + 162 = 0. Let s(n) = -n**2 + 15*n + 132. Let q be s(-6). Suppose 588 = 20*a - q*a. What is the remainder when j is divided by a?
39
Suppose 31*m - 2508 - 3320 = 0. Calculate the remainder when 289 is divided by m.
101
Suppose 2*j = -5*w + 945 - 905, -5*w = 4*j - 60. Suppose 2*c + 5*h = h + 260, c = -5*h + 118. What is the remainder when c is divided by j?
8
Let q be -2 - -4*(-1 - -2). Suppose -q*a - 4*n = -194, a = -2*a - 5*n + 292. Let m = -76 + a. Calculate the remainder when 114 is divided by m.
22
Let l(n) = -4*n**3 + 48*n**2 + 11*n + 2. What is the remainder when l(6) is divided by 11?
8
Let z = -502 - -504. Calculate the remainder when z/(2/15 - 516/4545) is divided by 36.
29
Let a = -769 + 822. Let i(v) = v**3 + 3*v**2 + v. Let x